mon divisor of m and 2?
2
Let b = 340 + -100. What is the greatest common factor of 384 and b?
48
Let n(s) = 62*s + 757. Let q be n(-11). Suppose a = -2*y + 62, 2*y - 49 = 5*a + 1. What is the greatest common divisor of q and y?
15
Suppose -15*y = -48*y + 363. Let b be 3 + (1 + 191)/2. What is the highest common factor of b and y?
11
Let m = -40 - -65. Suppose -m = -5*c - 0. Calculate the highest common factor of c and 1.
1
Let i(v) = 90*v - 425. Let u be i(30). Calculate the highest common divisor of u and 91.
91
Suppose 0 = -3*d + 421 + 353. Calculate the greatest common divisor of d and 2.
2
Suppose 2870*g = 2891*g - 294. Let l = 70 + -49. What is the greatest common divisor of g and l?
7
Let i(f) = -f**3 + 9*f**2 - 10*f + 4. Let k be i(5). What is the greatest common divisor of 90 and k?
18
Suppose 3*f - 26 = 2*y, 2*y - 6*y = f + 10. Calculate the greatest common divisor of 51 and f.
3
Let m be (20 + 22)*(0 - -4). Calculate the highest common factor of 280 and m.
56
Let n = -972 + 1484. Suppose -12*i = -4*i - n. What is the greatest common divisor of i and 16?
16
Let a(i) = i + 15. Let x be a(-6). Let l = -6 + 7. Calculate the highest common divisor of l and x.
1
Let s(q) = 80*q**2 - 16*q + 37. Let m be s(2). Calculate the greatest common factor of m and 375.
25
Let d be ((-3)/(-6))/(596/(-600) + 1). What is the highest common factor of d and 45?
15
Suppose -14*m + 9*m + 490 = 0. Suppose 0 = 4*f - m + 6. What is the greatest common divisor of f and 253?
23
Let x = 26 + -29. Let c be -2 + (24 - -1) - x. Calculate the greatest common factor of 39 and c.
13
Suppose 7*t - 295 - 237 = 0. What is the highest common factor of 532 and t?
76
Suppose 118*f + 96 = 124*f. What is the greatest common factor of 12 and f?
4
Let v be 35/((-2)/(-18) - 2/(-9)). Calculate the highest common divisor of 546 and v.
21
Let o = -176 + 190. Calculate the highest common divisor of o and 133.
7
Suppose -16 = -2*x - 4*t, 43 = 4*x - 3*t + 11. Suppose j = 17 + x. Let z be ((-25)/(-4))/((-6)/(-24)). Calculate the highest common factor of j and z.
25
Let t = 58 + -18. Suppose -4*u = u. Suppose 5*z - v - 2*v = t, u = -4*z - 4*v. What is the highest common divisor of z and 20?
5
Let x be (-2 + -1)*(-2)/6. Let q(v) = -23*v**2 - 3*v + 8. Let k be q(2). Let f = -89 - k. Calculate the greatest common divisor of x and f.
1
Suppose 994 = -m + 997. Calculate the greatest common factor of 16 and m.
1
Let b be (-1)/(1/(-55 - -3)). Let k = -43 - -26. Let o = k + 30. Calculate the highest common divisor of b and o.
13
Let d be (6 - (-1 + 4))*2. Let w(n) = n**2 + 2*n + 2. Let s be w(-3). Let a = 7 - s. What is the highest common divisor of a and d?
2
Let o be -4*31*(-63)/42. Calculate the highest common factor of 18 and o.
6
Suppose 0 = -3*p + s + 1047, -s = -3 - 0. Suppose 8*a - p = a. What is the highest common factor of 400 and a?
50
Suppose -2*d + 3*j + 116 = -6, 3*d - 149 = -4*j. What is the greatest common factor of 33 and d?
11
Let m be (-97)/(-4) + 2/(-8). Let f = -380 + 163. Let u = 433 + f. Calculate the greatest common divisor of m and u.
24
Let x be (1 - (-2)/3)*(209 - 137). What is the greatest common divisor of x and 360?
120
Let j be -2 - ((-10)/2 + 1). Suppose j*t - 27 - 13 = 0. Suppose -3*s + 88 = -92. What is the greatest common factor of t and s?
20
Let v be (-1)/(-2*(-2)/(-48)). Let b(h) = -3*h - 2*h + h - 20. Let y be b(-14). Calculate the highest common factor of y and v.
12
Let b(k) = -184*k + 5*k**2 - 3 + 177*k + 3 + k**3. Let i be b(-5). Calculate the greatest common divisor of i and 7.
7
Suppose -3*a + 136 = 2*a - d, 0 = 2*a - 5*d - 36. Calculate the greatest common divisor of a and 217.
7
Suppose -2*n - 33 + 107 = 4*y, y - 22 = -4*n. What is the greatest common factor of 90 and y?
18
Suppose -195 = -5*h - 0*h. Let c be (0 - 0 - 4)*2. Let g = c + 21. Calculate the greatest common factor of g and h.
13
Let n = -44 - -43. Let w be n + ((-42)/(-2) - 2). Calculate the highest common divisor of w and 3.
3
Suppose -23 - 3 = -j. Let s = 107 + -94. Calculate the greatest common factor of j and s.
13
Suppose 5*c + 2 + 8 = 0. Let k be c*4/(-8)*6. Suppose 9*r - k*r = 42. Calculate the highest common divisor of r and 2.
2
Let a = 29 + -27. Let d(j) = a*j**2 + 3 + 7*j - 17*j + j**3 - 13*j**2. Let g be d(12). What is the highest common divisor of 9 and g?
9
Let y(p) = -15*p - 3. Let m = 16 + -17. Let v be y(m). Calculate the highest common factor of 3 and v.
3
Let a(f) = 17*f**3 + 3*f**2 + 5*f - 4. Let p be a(2). Calculate the greatest common factor of p and 28.
14
Let z be (-4 - -1) + 50 + (0 - 31). Let v be -1*(0 + 1) + 33. What is the greatest common factor of v and z?
16
Suppose -23 = a - 167. Calculate the highest common factor of 56 and a.
8
Let i(j) = 52*j**2 - 11*j + 3. Let h be i(-3). Calculate the greatest common divisor of 16 and h.
8
Suppose 2*x - 14 = 16. Suppose 3391 = -4*w - 209. Let n be w/48*(-3 + -1). Calculate the highest common factor of x and n.
15
Suppose n = -n + 1414. Let x(u) = -u**2 + 7*u + 23. Let q be x(9). Suppose -b + 0*b + 290 = 2*p, -2*b = -q*p + n. What is the highest common factor of p and 13?
13
Suppose 0 = 38*j + 132*j - 6120. Let v be -2 - -1 - 7*-13. Calculate the greatest common factor of j and v.
18
Let k(m) = m**3 - 6*m**2 - 2*m + 49. Let q be k(5). What is the greatest common factor of q and 49?
7
Let v = 1498 - 1343. What is the highest common factor of 372 and v?
31
Let a(c) = c**2 + 14*c + 10. Let k be a(-15). Calculate the greatest common factor of k and 5.
5
Let g(d) = d**3 - 17*d**2 - 59*d + 22. Let f be g(20). Calculate the highest common factor of 21 and f.
21
Let x(o) = -8*o**3 + 4*o**2 + 2*o - 1. Let b be x(-3). Let q = b + -102. Suppose -q = -g - 0*g. Calculate the highest common factor of g and 13.
13
Let f(v) = v**2 - 6*v - 15. Let b be f(8). Suppose 3*n + a + 238 = b, -2*n - 158 = 3*a. Let w = n - -207. What is the highest common factor of 16 and w?
16
Let w = 13 + -10. Suppose 0 = -0*l + w*l - 15. Suppose -l*i + 64 = -i. What is the highest common divisor of i and 24?
8
Suppose 2*n - 6*n = -1012. Let u(f) = f**2 + 4*f - 6. Let h be u(2). Suppose 0 = 4*a - h*a + 46. Calculate the greatest common factor of n and a.
23
Let n = 197 - 157. What is the highest common factor of 16 and n?
8
Let v = 3 + 2. Suppose -4*k + 95 = 3*u, v*k + 5*u = 6*u + 133. Calculate the greatest common divisor of k and 13.
13
Suppose -14*j - 161 = -497. Calculate the greatest common divisor of 30 and j.
6
Suppose -a - 154 = -3*q - 0*q, -a = -2*q + 104. What is the highest common divisor of 15 and q?
5
Let z(u) = -u**2 + 16*u - 21. Let j be z(12). Let l = j - 5. What is the greatest common divisor of l and 2?
2
Let j(a) = -144*a + 1349. Let d be j(7). Calculate the highest common divisor of 88 and d.
11
Let y = 915 + -850. Calculate the highest common divisor of y and 403.
13
Suppose -9*a = -z - 13*a + 89, -5*z + 4*a + 469 = 0. Calculate the highest common divisor of 93 and z.
93
Let z = 4 + -2. Let w(m) = -m**2 + 5*m + 14. Let j be w(7). Suppose -h - z*h + 66 = j. Calculate the highest common factor of 55 and h.
11
Let p be (162/(-30))/((-9)/30). Let q(g) = 2*g + 3. Let r be q(3). Calculate the greatest common factor of p and r.
9
Let w be 335 - (-3 - (-2)/1). What is the highest common factor of w and 480?
48
Let y(k) = k**2 + 2*k - 4. Let t be y(2). Let v be -25*((-80)/25)/t. What is the highest common divisor of v and 180?
20
Let n(m) = -2*m**2 + 28*m - 18. Let l be n(13). Calculate the highest common factor of 152 and l.
8
Suppose -r = i - 40 - 237, -5*i - 1135 = -4*r. Calculate the greatest common divisor of 20 and r.
20
Let y be (-882)/(-28)*(-4)/(-6). Calculate the greatest common factor of 63 and y.
21
Let o be ((-2)/(-5))/((-7)/(-2030)). What is the highest common divisor of 87 and o?
29
Let x be (-3)/5 + 318/30. Suppose x*h - 5*h = 0. Let t(j) = 3*j + 8. Let k be t(h). What is the highest common factor of k and 88?
8
Suppose 5*g = -4*j + 3567, 4*j + 1438 = -8*g + 10*g. What is the highest common divisor of 55 and g?
55
Let f be (12/(-7)*(-7)/2)/1. Let b = -1 + f. What is the greatest common factor of b and 1?
1
Suppose 4*u - 2*i + 0*i + 10 = 0, 3*u = 4*i - 10. Let c(w) = -24*w**3 - w**2 + 2*w + 1. Let b be c(u). What is the highes